
2, 3
Let i be (-1)/5 + (-80)/(-25). Suppose -9*z + i*z = -72. List the prime factors of z.
2, 3
Let l(z) = -z**2 + z + 13. Suppose -2*r = 3*r + 30. Let q be l(r). Let u = q - -71. What are the prime factors of u?
2, 3, 7
Let t = -775 - -1162. List the prime factors of t.
3, 43
Let r(i) = 6*i**2 - 8*i - 175. What are the prime factors of r(-27)?
5, 883
Let m(a) = 3*a**2 + 5*a + 5. Let x(b) = -2*b**2 + b - 3. Let w(f) = f**2 + 1. Let y(v) = -6*w(v) - 2*x(v). Let l be y(-2). What are the prime factors of m(l)?
3, 11
Suppose -56 = 2*q - 4*q - 5*h, -84 = -3*q + 3*h. Let t be 6/(-2)*2/(-3). Suppose -q + 72 = t*n. What are the prime factors of n?
2, 11
Suppose -2*r + 10790 = -i, 69*i - 71*i + 26957 = 5*r. What are the prime factors of r?
5393
Let t = 84 + -52. Let m = t + -10. What are the prime factors of m?
2, 11
Suppose -4*z + 22 - 2 = 0. Suppose -5*f - 24 = h, -3*f + 7 = -z*h - 1. List the prime factors of (-70)/h + (-6)/4.
2
Suppose -5*n + 2*j + j - 75 = 0, -2*n + 5*j = 30. What are the prime factors of (-366)/(-15) + 6/n?
2, 3
Let i = -425 + 768. List the prime factors of i.
7
Let u(t) = 13*t**3 - 3*t**2 + 5*t - 9. List the prime factors of u(4).
3, 5, 53
Let f be 35/14 - (-1)/(-2). Suppose -4*o = f*v - 42, -4*v = 2*o - 0*v - 30. List the prime factors of (36/8)/(o/84).
2, 3, 7
Let y(a) = 10*a**2 + 10*a + 3 - a**3 + 2*a**3 + 0*a**3 + a**2. List the prime factors of y(-9).
3, 5
Let w(p) = -17*p + 4. Suppose 14*o - 19*o = 40. List the prime factors of w(o).
2, 5, 7
Let b be (-4)/32 + 605/40. Let x = -92 - b. Let t = -58 - x. List the prime factors of t.
7
Let s = -21 + 12. Let h = -5 + s. Let x(r) = r**2 + 14*r + 12. What are the prime factors of x(h)?
2, 3
Let h(q) = 2*q + 15. Let d be h(0). Suppose 4*u + 0 = -5*a - 7, 5*u = -d. Let t(s) = 2*s**3 + s**2 - 1. List the prime factors of t(a).
2
Let v(h) = 30*h**2 + 6*h + 14. What are the prime factors of v(-3)?
2, 7, 19
Suppose 213*i - 193*i = 13260. What are the prime factors of i?
3, 13, 17
Let c(w) = -13*w - 20. Let v be 28/(-35) - 52/10. List the prime factors of c(v).
2, 29
Let z be (-9)/(-3) + (3 - (7 + -2)). Suppose 0 = -4*l - 2*p + 84, 5*p - 49 = -2*l + z. What are the prime factors of l?
2, 5
Let n(s) = 11*s**2 - 15*s + 32. Let j(k) = -4*k**2 + 5*k - 11. Let x(l) = -17*j(l) - 6*n(l). What are the prime factors of x(5)?
2, 5, 7
Let m(p) = p**3 + p**2 - 7*p + 1. Let r be m(-3). Suppose 270 = r*n + 3*d + 2*d, -4*n + 262 = d. List the prime factors of n.
5, 13
List the prime factors of (42/56)/(1/8) - -1765.
7, 11, 23
Let u(s) = -8*s. Let n = -12 - -10. What are the prime factors of u(n)?
2
Let u(i) = -2*i**3 + 13*i**2 - 7*i + 9. Let d be u(6). Suppose 2*v - 85 = -d*f, 2*f - 4*v - 35 = -v. What are the prime factors of f?
5
Let l = 40 + -44. What are the prime factors of l/(-4) + 57 + -3?
5, 11
Let r be (-326)/(-2) - (-2 - -6). Suppose -4*w + r = -w. Let v = w - 27. What are the prime factors of v?
2, 13
Suppose -2518 - 142 = -5*v. List the prime factors of v.
2, 7, 19
Let a be -3 - 5/(-2 - -3). Let b(f) = f**2 + 5*f + 7. Let q be b(-7). What are the prime factors of (-2 - q/6)*a?
2, 11
Let u = -694 + 1170. What are the prime factors of u?
2, 7, 17
Let w(v) = -266*v + 10. List the prime factors of w(-1).
2, 3, 23
Let a(w) = 6*w - 1. Let z be a(-1). Let v be (-12)/(-3) - (-23 + z). List the prime factors of v + -6 + (-2 - -5).
31
Suppose 0 = 2*d - 4*r - 7662, 7662 = -20*d + 22*d + r. What are the prime factors of d?
3, 1277
Let o(y) = 12*y**2 + 5*y - 16. Let l be o(8). Suppose -6*r + 582 = -l. List the prime factors of r.
229
Suppose -79 = -6*f + 2603. What are the prime factors of f?
3, 149
Suppose 4*z = -41*r + 43*r - 6248, 0 = 4*r + 5*z - 12457. What are the prime factors of r?
2, 1559
Let u(t) = t**2 + 10*t + 10. Let r be u(-10). Let w be (10/(-3))/(r/(-15)). Suppose w*i = 3*n - 140, -2*n - n - i = -116. List the prime factors of n.
2, 5
Let b(j) be the first derivative of 8/3*j**3 + 3*j + 2 - 2*j**2. List the prime factors of b(2).
3
Let w = 17 + -15. List the prime factors of 24/w*64/48.
2
Let o be (-1 - -4)*8/(-3). Let g(u) = u + 15. Let n be g(o). Suppose m - 23 = n. List the prime factors of m.
2, 3, 5
Let p = 18 + -22. Let h be (-5)/p - (-3)/(-12). What are the prime factors of (h + -3 + 1)*-26?
2, 13
Let r(z) = -4*z**3 - 57*z**2 + 8*z + 30. What are the prime factors of r(-15)?
3, 5, 13
Let q(v) = -34*v - 762*v**2 - 1 - 18*v - v + 764*v**2. List the prime factors of q(27).
2, 13
Suppose -683 = -4*p + 1361. What are the prime factors of p?
7, 73
Suppose 2*o - 3*o - 7070 = -5*z, 3*z - 4242 = 3*o. Suppose z = 14*v - 7*v. List the prime factors of v.
2, 101
Let h(w) = -7*w**2 + 2*w + 5. Let g(p) be the first derivative of -5*p**3 + 2*p**2 + 10*p + 8. Let a(q) = 4*g(q) - 9*h(q). List the prime factors of a(3).
2
Suppose -7493 + 1133 = -15*n. List the prime factors of n.
2, 53
Let u = 45 + -29. Suppose 0 + 3 = p, 5*m + 3*p - 124 = 0. Let y = m - u. List the prime factors of y.
7
Suppose 2*j - 7*j - 1210 = 0. Let o = j + -26. What are the prime factors of 12/(-42) + o/(-7)?
2, 19
Let z be (-2)/((-123)/(-63) - 2). Let a = -117 + z. Let w = -34 - a. What are the prime factors of w?
41
Let t(n) be the second derivative of -n**4/12 - n**3/2 + 5*n**2/2 + n. Let z be t(4). Let p = 1 - z. List the prime factors of p.
2, 3
Let v be -5*(-2 - (-2 + 1)). Suppose 0*k + 2*k = 10, -v*n + 30 = 3*k. Let c = n + 15. What are the prime factors of c?
2, 3
Suppose -2*l - l = -w + 16, -2*l = 8. Suppose 6*t = w*t + 118. What are the prime factors of t?
59
Let b be 12*5/15*4. Suppose b + 23 = y. List the prime factors of y.
3, 13
Let p be (24/9)/(1/36). Suppose p = 5*u - 69. What are the prime factors of u?
3, 11
Let s = -188 - -283. What are the prime factors of s?
5, 19
Let d(n) = n + 6. Let z(j) = j**3 - 10*j**2 - 12*j + 11. Let p be z(11). Let l be d(p). Suppose -v + 2*v - l = 0. What are the prime factors of v?
2, 3
Suppose 1665 = -12*t + 6033. List the prime factors of t.
2, 7, 13
Let i be ((-6)/4)/(3/(-4)). Suppose 3*n - o = 86, -6*o + 26 = n - 5*o. Suppose i*k = 6, -3*u + n = -2*k - 95. What are the prime factors of u?
43
Let w(v) = 36*v**2 + 14*v + 26. List the prime factors of w(-3).
2, 7, 11
Let i be 6/4*2*(3 - 4). Let x(z) = -5*z**3 - 5*z**2 - 5*z + 1. What are the prime factors of x(i)?
2, 53
Suppose -43*y - 30198 = -49*y. List the prime factors of y.
7, 719
Let d(b) be the first derivative of 67*b**3/3 + b**2/2 + 7. List the prime factors of d(1).
2, 17
Suppose -180 = 4*x - 4*i, 11 = -3*x - i - 128. Let k = x + 136. What are the prime factors of k?
2, 3, 5
Let p(u) = u**3 + 20*u**2 - 10*u - 23. What are the prime factors of p(-20)?
3, 59
Let m(n) = 1461*n**2 - 18*n + 41. List the prime factors of m(2).
5849
What are the prime factors of -1 + 10/(20/4) - -1020?
1021
Let h(u) = 9*u**3 - 8*u**2 - 15*u + 123. List the prime factors of h(6).
3, 563
Let j = -13 + 17. List the prime factors of (-3)/(1375/(-340) + j).
2, 17
Let r(a) = -4*a + 32. Let x be r(8). Suppose -66 = -4*f - 5*v + 4, x = -3*f - 4*v + 53. List the prime factors of f.
3, 5
Suppose 89880 = 54*s + 16*s. List the prime factors of s.
2, 3, 107
Suppose -3*y - 40 = -8*p + 4*p, -3*p - y = -30. Let o(t) = -9*t**2 + 9*t - p*t - 10*t - t**3 + 5. List the prime factors of o(-8).
29
Suppose 19*v - 13678 = -2164. List the prime factors of v.
2, 3, 101
Suppose 15*x - 10884 - 786 = 0. List the prime factors of x.
2, 389
Let j(r) = -r**2 - 14*r - 4. Let m be j(-8). Let d = m + -19. List the prime factors of d.
5
Suppose -f + 3 = c, 3*f = -2*c - 0*c + 8. Suppose -3*p = -4*s - 94, 2*p + s - 100 = -f*p. List the prime factors of p.
2, 13
Suppose -10*y = -22*y + 5676. Let m = y + -321. What are the prime factors of m?
2, 19
Suppose 12*q - 5431 = 629. List the prime factors of q.
5, 101
Let f = -1824 + 4735. List the prime factors of f.
41, 71
Suppose -2*l - 5*z + 9 = 0, -5*l + 4*z - 6 - 21 = 0. Let t be (l + 8)*2/2. Suppose t*a - 5*i = 90, 4*i + 79 - 20 = 3*a. List the prime factors of a.
13
Let a be (-4)/(-5)*(1 - -9). Let n(k) = -5*k + a + 2*k - k. List the prime factors of n(-5).
2, 7
Let r(v) = -13*v - 1. Let q(z) = 3*z + 12. Let o = -4 + -1. Let j be q(o). What are the prime factors of r(j)?
2, 19
Let l(c) = -c**2 - 13*c + 1. Let u be l(-12). Le